[INFO] cloning repository https://github.com/performance/IDP_Analyzer
[INFO] running `Command { std: "git" "-c" "credential.helper=" "-c" "credential.helper=/workspace/cargo-home/bin/git-credential-null" "clone" "--bare" "https://github.com/performance/IDP_Analyzer" "/workspace/cache/git-repos/https%3A%2F%2Fgithub.com%2Fperformance%2FIDP_Analyzer", kill_on_drop: false }`
[INFO] [stderr] Cloning into bare repository '/workspace/cache/git-repos/https%3A%2F%2Fgithub.com%2Fperformance%2FIDP_Analyzer'...
[INFO] running `Command { std: "git" "rev-parse" "HEAD", kill_on_drop: false }`
[INFO] [stdout] ddbf4e35480ae57848545d5758b169bae800101e
[INFO] checking performance/IDP_Analyzer against try#72f88fc4e9458f89516a0b8b0868f3718aec5b47 for pr-74989
[INFO] running `Command { std: "git" "clone" "/workspace/cache/git-repos/https%3A%2F%2Fgithub.com%2Fperformance%2FIDP_Analyzer" "/workspace/builds/worker-14/source", kill_on_drop: false }`
[INFO] [stderr] Cloning into '/workspace/builds/worker-14/source'...
[INFO] [stderr] done.
[INFO] validating manifest of git repo https://github.com/performance/IDP_Analyzer on toolchain 72f88fc4e9458f89516a0b8b0868f3718aec5b47
[INFO] running `Command { std: "/workspace/cargo-home/bin/cargo" "+72f88fc4e9458f89516a0b8b0868f3718aec5b47" "read-manifest" "--manifest-path" "Cargo.toml", kill_on_drop: false }`
[INFO] started tweaking git repo https://github.com/performance/IDP_Analyzer
[INFO] finished tweaking git repo https://github.com/performance/IDP_Analyzer
[INFO] tweaked toml for git repo https://github.com/performance/IDP_Analyzer written to /workspace/builds/worker-14/source/Cargo.toml
[INFO] crate git repo https://github.com/performance/IDP_Analyzer already has a lockfile, it will not be regenerated
[INFO] running `Command { std: "/workspace/cargo-home/bin/cargo" "+72f88fc4e9458f89516a0b8b0868f3718aec5b47" "fetch" "--locked" "--manifest-path" "Cargo.toml", kill_on_drop: false }`
[INFO] [stderr] error: the lock file /workspace/builds/worker-14/source/Cargo.lock needs to be updated but --locked was passed to prevent this
[INFO] [stderr] If you want to try to generate the lock file without accessing the network, use the --offline flag.
[INFO] the lockfile is outdated, regenerating it
[INFO] running `Command { std: "/workspace/cargo-home/bin/cargo" "+72f88fc4e9458f89516a0b8b0868f3718aec5b47" "generate-lockfile" "--manifest-path" "Cargo.toml" "-Zno-index-update", kill_on_drop: false }`
[INFO] running `Command { std: "/workspace/cargo-home/bin/cargo" "+72f88fc4e9458f89516a0b8b0868f3718aec5b47" "fetch" "--locked" "--manifest-path" "Cargo.toml", kill_on_drop: false }`
[INFO] [stderr]  Downloading crates ...
[INFO] [stderr]   Downloaded num-complex v0.3.0
[INFO] [stderr]   Downloaded num v0.3.0
[INFO] [stderr]   Downloaded num-bigint v0.3.0
[INFO] running `Command { std: "docker" "create" "-v" "/var/lib/crater-agent-workspace/builds/worker-14/target:/opt/rustwide/target:rw,Z" "-v" "/var/lib/crater-agent-workspace/builds/worker-14/source:/opt/rustwide/workdir:ro,Z" "-v" "/var/lib/crater-agent-workspace/cargo-home:/opt/rustwide/cargo-home:ro,Z" "-v" "/var/lib/crater-agent-workspace/rustup-home:/opt/rustwide/rustup-home:ro,Z" "-e" "SOURCE_DIR=/opt/rustwide/workdir" "-e" "CARGO_TARGET_DIR=/opt/rustwide/target" "-e" "CARGO_HOME=/opt/rustwide/cargo-home" "-e" "RUSTUP_HOME=/opt/rustwide/rustup-home" "-w" "/opt/rustwide/workdir" "-m" "1610612736" "--user" "0:0" "--network" "none" "rustops/crates-build-env@sha256:d92eaeed33fa75130ca1ee6c8a01d1ffb62bac859dfdfb3450e3e5d1c0146529" "/opt/rustwide/cargo-home/bin/cargo" "+72f88fc4e9458f89516a0b8b0868f3718aec5b47" "metadata" "--no-deps" "--format-version=1", kill_on_drop: false }`
[INFO] [stdout] 6bec9716ffacd1baad304a9718d3716d44793f1812d6457483261ce4fabd5deb
[INFO] [stderr] WARNING: Your kernel does not support swap limit capabilities or the cgroup is not mounted. Memory limited without swap.
[INFO] running `Command { std: "docker" "start" "-a" "6bec9716ffacd1baad304a9718d3716d44793f1812d6457483261ce4fabd5deb", kill_on_drop: false }`
[INFO] running `Command { std: "docker" "inspect" "6bec9716ffacd1baad304a9718d3716d44793f1812d6457483261ce4fabd5deb", kill_on_drop: false }`
[INFO] running `Command { std: "docker" "rm" "-f" "6bec9716ffacd1baad304a9718d3716d44793f1812d6457483261ce4fabd5deb", kill_on_drop: false }`
[INFO] [stdout] 6bec9716ffacd1baad304a9718d3716d44793f1812d6457483261ce4fabd5deb
[INFO] running `Command { std: "docker" "create" "-v" "/var/lib/crater-agent-workspace/builds/worker-14/target:/opt/rustwide/target:rw,Z" "-v" "/var/lib/crater-agent-workspace/builds/worker-14/source:/opt/rustwide/workdir:ro,Z" "-v" "/var/lib/crater-agent-workspace/cargo-home:/opt/rustwide/cargo-home:ro,Z" "-v" "/var/lib/crater-agent-workspace/rustup-home:/opt/rustwide/rustup-home:ro,Z" "-e" "SOURCE_DIR=/opt/rustwide/workdir" "-e" "CARGO_TARGET_DIR=/opt/rustwide/target" "-e" "CARGO_INCREMENTAL=0" "-e" "RUST_BACKTRACE=full" "-e" "RUSTFLAGS=--cap-lints=forbid" "-e" "CARGO_HOME=/opt/rustwide/cargo-home" "-e" "RUSTUP_HOME=/opt/rustwide/rustup-home" "-w" "/opt/rustwide/workdir" "-m" "1610612736" "--user" "0:0" "--network" "none" "rustops/crates-build-env@sha256:d92eaeed33fa75130ca1ee6c8a01d1ffb62bac859dfdfb3450e3e5d1c0146529" "/opt/rustwide/cargo-home/bin/cargo" "+72f88fc4e9458f89516a0b8b0868f3718aec5b47" "check" "--frozen" "--all" "--all-targets" "--message-format=json", kill_on_drop: false }`
[INFO] [stderr] WARNING: Your kernel does not support swap limit capabilities or the cgroup is not mounted. Memory limited without swap.
[INFO] [stdout] a4d57a34fb812843ec9d7fdc93d749683a5dbb93a08912c5a65c38a4ab4d5181
[INFO] running `Command { std: "docker" "start" "-a" "a4d57a34fb812843ec9d7fdc93d749683a5dbb93a08912c5a65c38a4ab4d5181", kill_on_drop: false }`
[INFO] [stderr]    Compiling autocfg v1.0.1
[INFO] [stderr]    Compiling num-traits v0.2.12
[INFO] [stderr]    Compiling num-integer v0.1.43
[INFO] [stderr]    Compiling num-bigint v0.3.0
[INFO] [stderr]    Compiling num-iter v0.1.41
[INFO] [stderr]    Compiling num-rational v0.3.0
[INFO] [stderr]     Checking num-complex v0.3.0
[INFO] [stderr]     Checking num v0.3.0
[INFO] [stderr]     Checking hello_world v0.0.1 (/opt/rustwide/workdir)
[INFO] [stdout] error[E0432]: unresolved imports `super::RgbImage`, `super::GrayImage`, `super::ConvertBuffer`
[INFO] [stdout]    --> src/buffer.rs:484:30
[INFO] [stdout]     |
[INFO] [stdout] 484 |     use super::{ImageBuffer, RgbImage, GrayImage, ConvertBuffer, Pixel};
[INFO] [stdout]     |                              ^^^^^^^^  ^^^^^^^^^  ^^^^^^^^^^^^^ no `ConvertBuffer` in `buffer`
[INFO] [stdout]     |                              |         |
[INFO] [stdout]     |                              |         no `GrayImage` in `buffer`
[INFO] [stdout]     |                              |         help: a similar name exists in the module: `Gray16Image`
[INFO] [stdout]     |                              no `RgbImage` in `buffer`
[INFO] [stdout] 
[INFO] [stdout] 
[INFO] [stdout] error[E0432]: unresolved import `color`
[INFO] [stdout]    --> src/buffer.rs:485:9
[INFO] [stdout]     |
[INFO] [stdout] 485 |     use color;
[INFO] [stdout]     |         ^^^^^ no `color` in the root
[INFO] [stdout] 
[INFO] [stdout] 
[INFO] [stdout] error[E0432]: unresolved import `test`
[INFO] [stdout]    --> src/buffer.rs:486:9
[INFO] [stdout]     |
[INFO] [stdout] 486 |     use test;
[INFO] [stdout]     |         ^^^^ no `test` in the root
[INFO] [stdout] 
[INFO] [stdout] 
[INFO] [stdout] error[E0433]: failed to resolve: could not find `Error` in `byteorder`
[INFO] [stdout]   --> src/image/error.rs:54:24
[INFO] [stdout]    |
[INFO] [stdout] 54 |             byteorder::Error::UnexpectedEOF => ImageError::FormatError( "Format error: ".to_string()  ),
[INFO] [stdout]    |                        ^^^^^ could not find `Error` in `byteorder`
[INFO] [stdout] 
[INFO] [stdout] 
[INFO] [stdout] error[E0433]: failed to resolve: could not find `Error` in `byteorder`
[INFO] [stdout]   --> src/image/error.rs:55:24
[INFO] [stdout]    |
[INFO] [stdout] 55 |             byteorder::Error::Io(err) => ImageError::IoError(err),
[INFO] [stdout]    |                        ^^^^^ could not find `Error` in `byteorder`
[INFO] [stdout] 
[INFO] [stdout] 
[INFO] [stdout] error[E0412]: cannot find type `Error` in crate `byteorder`
[INFO] [stdout]   --> src/stream.rs:25:54
[INFO] [stdout]    |
[INFO] [stdout] 25 |     fn read_u16(&mut self) -> Result<u16, byteorder::Error> {
[INFO] [stdout]    |                                                      ^^^^^ not found in `byteorder`
[INFO] [stdout]    |
[INFO] [stdout] help: consider importing this trait
[INFO] [stdout]    |
[INFO] [stdout] 3  | use std::error::Error;
[INFO] [stdout]    |
[INFO] [stdout] 
[INFO] [stdout] 
[INFO] [stdout] error[E0412]: cannot find type `Error` in crate `byteorder`
[INFO] [stdout]   --> src/stream.rs:34:54
[INFO] [stdout]    |
[INFO] [stdout] 34 |     fn read_u32(&mut self) -> Result<u32, byteorder::Error> {
[INFO] [stdout]    |                                                      ^^^^^ not found in `byteorder`
[INFO] [stdout]    |
[INFO] [stdout] help: consider importing this trait
[INFO] [stdout]    |
[INFO] [stdout] 3  | use std::error::Error;
[INFO] [stdout]    |
[INFO] [stdout] 
[INFO] [stdout] 
[INFO] [stdout] error[E0412]: cannot find type `Error` in crate `byteorder`
[INFO] [stdout]   --> src/stream.rs:44:55
[INFO] [stdout]    |
[INFO] [stdout] 44 |     fn read_f32(&mut self ) -> Result<f32, byteorder::Error> {
[INFO] [stdout]    |                                                       ^^^^^ not found in `byteorder`
[INFO] [stdout]    |
[INFO] [stdout] help: consider importing this trait
[INFO] [stdout]    |
[INFO] [stdout] 3  | use std::error::Error;
[INFO] [stdout]    |
[INFO] [stdout] 
[INFO] [stdout] 
[INFO] [stdout] error[E0412]: cannot find type `Error` in crate `byteorder`
[INFO] [stdout]   --> src/stream.rs:60:62
[INFO] [stdout]    |
[INFO] [stdout] 60 |     fn write_u16(&mut self, n: u16) -> Result<(), byteorder::Error> {
[INFO] [stdout]    |                                                              ^^^^^ not found in `byteorder`
[INFO] [stdout]    |
[INFO] [stdout] help: consider importing this trait
[INFO] [stdout]    |
[INFO] [stdout] 3  | use std::error::Error;
[INFO] [stdout]    |
[INFO] [stdout] 
[INFO] [stdout] 
[INFO] [stdout] error[E0412]: cannot find type `Error` in crate `byteorder`
[INFO] [stdout]   --> src/stream.rs:69:62
[INFO] [stdout]    |
[INFO] [stdout] 69 |     fn write_u32(&mut self, n: u32) -> Result<(), byteorder::Error> {
[INFO] [stdout]    |                                                              ^^^^^ not found in `byteorder`
[INFO] [stdout]    |
[INFO] [stdout] help: consider importing this trait
[INFO] [stdout]    |
[INFO] [stdout] 3  | use std::error::Error;
[INFO] [stdout]    |
[INFO] [stdout] 
[INFO] [stdout] 
[INFO] [stdout] error[E0412]: cannot find type `Error` in crate `byteorder`
[INFO] [stdout]   --> src/stream.rs:78:62
[INFO] [stdout]    |
[INFO] [stdout] 78 |     fn write_f32(&mut self, n: f32) -> Result<(), byteorder::Error> {
[INFO] [stdout]    |                                                              ^^^^^ not found in `byteorder`
[INFO] [stdout]    |
[INFO] [stdout] help: consider importing this trait
[INFO] [stdout]    |
[INFO] [stdout] 3  | use std::error::Error;
[INFO] [stdout]    |
[INFO] [stdout] 
[INFO] [stdout] 
[INFO] [stdout] error[E0412]: cannot find type `Error` in crate `byteorder`
[INFO] [stdout]   --> src/image/error.rs:51:22
[INFO] [stdout]    |
[INFO] [stdout] 51 | impl From<byteorder::Error> for ImageError {
[INFO] [stdout]    |                      ^^^^^ not found in `byteorder`
[INFO] [stdout]    |
[INFO] [stdout] help: consider importing one of these items
[INFO] [stdout]    |
[INFO] [stdout] 1  | use image::error::fmt::Error;
[INFO] [stdout]    |
[INFO] [stdout] 1  | use image::error::io::Error;
[INFO] [stdout]    |
[INFO] [stdout] 1  | use std::error::Error;
[INFO] [stdout]    |
[INFO] [stdout] 
[INFO] [stdout] 
[INFO] [stdout] error[E0412]: cannot find type `Error` in crate `byteorder`
[INFO] [stdout]   --> src/image/error.rs:52:29
[INFO] [stdout]    |
[INFO] [stdout] 52 |     fn from(err: byteorder::Error) -> ImageError {
[INFO] [stdout]    |                             ^^^^^ not found in `byteorder`
[INFO] [stdout]    |
[INFO] [stdout] help: consider importing one of these items
[INFO] [stdout]    |
[INFO] [stdout] 1  | use image::error::fmt::Error;
[INFO] [stdout]    |
[INFO] [stdout] 1  | use image::error::io::Error;
[INFO] [stdout]    |
[INFO] [stdout] 1  | use std::error::Error;
[INFO] [stdout]    |
[INFO] [stdout] 
[INFO] [stdout] 
[INFO] [stdout] warning: use of deprecated macro `try`: use the `?` operator instead
[INFO] [stdout]   --> src/decoder.rs:72:20
[INFO] [stdout]    |
[INFO] [stdout] 72 |         let fmt1 = try!(self.reader.read_u32() );
[INFO] [stdout]    |                    ^^^
[INFO] [stdout]    |
[INFO] [stdout]    = note: `#[warn(deprecated)]` on by default
[INFO] [stdout] 
[INFO] [stdout] 
[INFO] [stdout] warning: use of deprecated macro `try`: use the `?` operator instead
[INFO] [stdout]   --> src/decoder.rs:73:20
[INFO] [stdout]    |
[INFO] [stdout] 73 |         let fmt2 = try!(self.reader.read_u32() );
[INFO] [stdout]    |                    ^^^
[INFO] [stdout] 
[INFO] [stdout] 
[INFO] [stdout] warning: use of deprecated macro `try`: use the `?` operator instead
[INFO] [stdout]   --> src/decoder.rs:79:23
[INFO] [stdout]    |
[INFO] [stdout] 79 |         self.width  = try!(self.reader.read_u32() );
[INFO] [stdout]    |                       ^^^
[INFO] [stdout] 
[INFO] [stdout] 
[INFO] [stdout] warning: use of deprecated macro `try`: use the `?` operator instead
[INFO] [stdout]   --> src/decoder.rs:80:23
[INFO] [stdout]    |
[INFO] [stdout] 80 |         self.height = try!(self.reader.read_u32() );
[INFO] [stdout]    |                       ^^^
[INFO] [stdout] 
[INFO] [stdout] 
[INFO] [stdout] warning: use of deprecated macro `try`: use the `?` operator instead
[INFO] [stdout]   --> src/decoder.rs:93:9
[INFO] [stdout]    |
[INFO] [stdout] 93 |         try!(self.read_header());
[INFO] [stdout]    |         ^^^
[INFO] [stdout] 
[INFO] [stdout] 
[INFO] [stdout] warning: use of deprecated macro `try`: use the `?` operator instead
[INFO] [stdout]    --> src/decoder.rs:100:38
[INFO] [stdout]     |
[INFO] [stdout] 100 |         let pixel_type : PixelType = try!(self.pixel_type() );
[INFO] [stdout]     |                                      ^^^
[INFO] [stdout] 
[INFO] [stdout] 
[INFO] [stdout] warning: use of deprecated macro `try`: use the `?` operator instead
[INFO] [stdout]    --> src/decoder.rs:111:30
[INFO] [stdout]     |
[INFO] [stdout] 111 |                     *datum = try!(reader.read_u16());
[INFO] [stdout]     |                              ^^^
[INFO] [stdout] 
[INFO] [stdout] 
[INFO] [stdout] warning: use of deprecated macro `try`: use the `?` operator instead
[INFO] [stdout]    --> src/decoder.rs:116:30
[INFO] [stdout]     |
[INFO] [stdout] 116 |                     *datum = try!(reader.read_f32());
[INFO] [stdout]     |                              ^^^
[INFO] [stdout] 
[INFO] [stdout] 
[INFO] [stdout] warning: use of deprecated macro `try`: use the `?` operator instead
[INFO] [stdout]    --> src/decoder.rs:162:17
[INFO] [stdout]     |
[INFO] [stdout] 162 |                 try!(
[INFO] [stdout]     |                 ^^^
[INFO] [stdout] 
[INFO] [stdout] 
[INFO] [stdout] warning: use of deprecated macro `try`: use the `?` operator instead
[INFO] [stdout]    --> src/decoder.rs:169:17
[INFO] [stdout]     |
[INFO] [stdout] 169 |                 try!(
[INFO] [stdout]     |                 ^^^
[INFO] [stdout] 
[INFO] [stdout] 
[INFO] [stdout] warning: use of deprecated macro `try`: use the `?` operator instead
[INFO] [stdout]    --> src/buffer.rs:349:21
[INFO] [stdout]     |
[INFO] [stdout] 349 |                     try!(wtr.write_u16( p.value() ));
[INFO] [stdout]     |                     ^^^
[INFO] [stdout] 
[INFO] [stdout] 
[INFO] [stdout] warning: use of deprecated macro `try`: use the `?` operator instead
[INFO] [stdout]    --> src/buffer.rs:354:21
[INFO] [stdout]     |
[INFO] [stdout] 354 |                     try!(wtr.write_f32( ( p.value() as f32 ) ));
[INFO] [stdout]     |                     ^^^
[INFO] [stdout] 
[INFO] [stdout] 
[INFO] [stdout] warning: unused import: `BufReader`
[INFO] [stdout]  --> src/buffer.rs:9:15
[INFO] [stdout]   |
[INFO] [stdout] 9 | use std::io::{BufReader, BufWriter};
[INFO] [stdout]   |               ^^^^^^^^^
[INFO] [stdout]   |
[INFO] [stdout]   = note: `#[warn(unused_imports)]` on by default
[INFO] [stdout] 
[INFO] [stdout] 
[INFO] [stdout] warning: unnecessary parentheses around method argument
[INFO] [stdout]    --> src/buffer.rs:354:41
[INFO] [stdout]     |
[INFO] [stdout] 354 |                     try!(wtr.write_f32( ( p.value() as f32 ) ));
[INFO] [stdout]     |                                         ^^^^^^^^^^^^^^^^^^^^ help: remove these parentheses
[INFO] [stdout]     |
[INFO] [stdout]     = note: `#[warn(unused_parens)]` on by default
[INFO] [stdout] 
[INFO] [stdout] 
[INFO] [stdout] error: use of unstable library feature 'test': `bench` is a part of custom test frameworks which are unstable
[INFO] [stdout]    --> src/buffer.rs:517:7
[INFO] [stdout]     |
[INFO] [stdout] 517 |     #[bench]
[INFO] [stdout]     |       ^^^^^
[INFO] [stdout]     |
[INFO] [stdout]     = note: `#[deny(soft_unstable)]` on by default
[INFO] [stdout]     = warning: this was previously accepted by the compiler but is being phased out; it will become a hard error in a future release!
[INFO] [stdout]     = note: for more information, see issue #64266 <https://github.com/rust-lang/rust/issues/64266>
[INFO] [stdout] 
[INFO] [stdout] 
[INFO] [stdout] warning: unused import: `Pixel`
[INFO] [stdout]    --> src/buffer.rs:484:66
[INFO] [stdout]     |
[INFO] [stdout] 484 |     use super::{ImageBuffer, RgbImage, GrayImage, ConvertBuffer, Pixel};
[INFO] [stdout]     |                                                                  ^^^^^
[INFO] [stdout] 
[INFO] [stdout] 
[INFO] [stdout] warning: trait objects without an explicit `dyn` are deprecated
[INFO] [stdout]   --> src/image/error.rs:36:33
[INFO] [stdout]    |
[INFO] [stdout] 36 |     fn cause (&self) -> Option<&Error> {
[INFO] [stdout]    |                                 ^^^^^ help: use `dyn`: `dyn Error`
[INFO] [stdout]    |
[INFO] [stdout]    = note: `#[warn(bare_trait_objects)]` on by default
[INFO] [stdout] 
[INFO] [stdout] 
[INFO] [stdout] warning: unnecessary parentheses around `for` iterator expression
[INFO] [stdout]    --> src/image/other.rs:127:18
[INFO] [stdout]     |
[INFO] [stdout] 127 |         for y in (0..self.ystride) {
[INFO] [stdout]     |                  ^^^^^^^^^^^^^^^^^ help: remove these parentheses
[INFO] [stdout] 
[INFO] [stdout] 
[INFO] [stdout] warning: unnecessary parentheses around `for` iterator expression
[INFO] [stdout]    --> src/image/other.rs:128:22
[INFO] [stdout]     |
[INFO] [stdout] 128 |             for x in (0..self.xstride) {
[INFO] [stdout]     |                      ^^^^^^^^^^^^^^^^^ help: remove these parentheses
[INFO] [stdout] 
[INFO] [stdout] 
[INFO] [stdout] warning: unused import: `std::iter::repeat`
[INFO] [stdout]  --> src/traits.rs:1:5
[INFO] [stdout]   |
[INFO] [stdout] 1 | use std::iter::repeat;
[INFO] [stdout]   |     ^^^^^^^^^^^^^^^^^
[INFO] [stdout] 
[INFO] [stdout] 
[INFO] [stdout] warning: unnecessary parentheses around `for` iterator expression
[INFO] [stdout]   --> src/main.rs:59:16
[INFO] [stdout]    |
[INFO] [stdout] 59 |     for row in (0..number_of_rows ) {
[INFO] [stdout]    |                ^^^^^^^^^^^^^^^^^^^^ help: remove these parentheses
[INFO] [stdout] 
[INFO] [stdout] 
[INFO] [stdout] warning: unnecessary parentheses around `for` iterator expression
[INFO] [stdout]   --> src/main.rs:60:20
[INFO] [stdout]    |
[INFO] [stdout] 60 |         for col in ( 0..number_of_columns ) {
[INFO] [stdout]    |                    ^^^^^^^^^^^^^^^^^^^^^^^^ help: remove these parentheses
[INFO] [stdout] 
[INFO] [stdout] 
[INFO] [stdout] error[E0433]: failed to resolve: could not find `Error` in `byteorder`
[INFO] [stdout]   --> src/image/error.rs:54:24
[INFO] [stdout]    |
[INFO] [stdout] 54 |             byteorder::Error::UnexpectedEOF => ImageError::FormatError( "Format error: ".to_string()  ),
[INFO] [stdout]    |                        ^^^^^ could not find `Error` in `byteorder`
[INFO] [stdout] 
[INFO] [stdout] 
[INFO] [stdout] error[E0433]: failed to resolve: could not find `Error` in `byteorder`
[INFO] [stdout]   --> src/image/error.rs:55:24
[INFO] [stdout]    |
[INFO] [stdout] 55 |             byteorder::Error::Io(err) => ImageError::IoError(err),
[INFO] [stdout]    |                        ^^^^^ could not find `Error` in `byteorder`
[INFO] [stdout] 
[INFO] [stdout] 
[INFO] [stdout] error[E0412]: cannot find type `Error` in crate `byteorder`
[INFO] [stdout]   --> src/stream.rs:25:54
[INFO] [stdout]    |
[INFO] [stdout] 25 |     fn read_u16(&mut self) -> Result<u16, byteorder::Error> {
[INFO] [stdout]    |                                                      ^^^^^ not found in `byteorder`
[INFO] [stdout]    |
[INFO] [stdout] help: consider importing this trait
[INFO] [stdout]    |
[INFO] [stdout] 3  | use std::error::Error;
[INFO] [stdout]    |
[INFO] [stdout] 
[INFO] [stdout] 
[INFO] [stdout] error[E0412]: cannot find type `Error` in crate `byteorder`
[INFO] [stdout]   --> src/stream.rs:34:54
[INFO] [stdout]    |
[INFO] [stdout] 34 |     fn read_u32(&mut self) -> Result<u32, byteorder::Error> {
[INFO] [stdout]    |                                                      ^^^^^ not found in `byteorder`
[INFO] [stdout]    |
[INFO] [stdout] help: consider importing this trait
[INFO] [stdout]    |
[INFO] [stdout] 3  | use std::error::Error;
[INFO] [stdout]    |
[INFO] [stdout] 
[INFO] [stdout] 
[INFO] [stdout] error[E0412]: cannot find type `Error` in crate `byteorder`
[INFO] [stdout]   --> src/stream.rs:44:55
[INFO] [stdout]    |
[INFO] [stdout] 44 |     fn read_f32(&mut self ) -> Result<f32, byteorder::Error> {
[INFO] [stdout]    |                                                       ^^^^^ not found in `byteorder`
[INFO] [stdout]    |
[INFO] [stdout] help: consider importing this trait
[INFO] [stdout]    |
[INFO] [stdout] 3  | use std::error::Error;
[INFO] [stdout]    |
[INFO] [stdout] 
[INFO] [stdout] 
[INFO] [stdout] error[E0412]: cannot find type `Error` in crate `byteorder`
[INFO] [stdout]   --> src/stream.rs:60:62
[INFO] [stdout]    |
[INFO] [stdout] 60 |     fn write_u16(&mut self, n: u16) -> Result<(), byteorder::Error> {
[INFO] [stdout]    |                                                              ^^^^^ not found in `byteorder`
[INFO] [stdout]    |
[INFO] [stdout] help: consider importing this trait
[INFO] [stdout]    |
[INFO] [stdout] 3  | use std::error::Error;
[INFO] [stdout]    |
[INFO] [stdout] 
[INFO] [stdout] 
[INFO] [stdout] error[E0412]: cannot find type `Error` in crate `byteorder`
[INFO] [stdout]   --> src/stream.rs:69:62
[INFO] [stdout]    |
[INFO] [stdout] 69 |     fn write_u32(&mut self, n: u32) -> Result<(), byteorder::Error> {
[INFO] [stdout]    |                                                              ^^^^^ not found in `byteorder`
[INFO] [stdout]    |
[INFO] [stdout] help: consider importing this trait
[INFO] [stdout]    |
[INFO] [stdout] 3  | use std::error::Error;
[INFO] [stdout]    |
[INFO] [stdout] 
[INFO] [stdout] 
[INFO] [stdout] error[E0412]: cannot find type `Error` in crate `byteorder`
[INFO] [stdout]   --> src/stream.rs:78:62
[INFO] [stdout]    |
[INFO] [stdout] 78 |     fn write_f32(&mut self, n: f32) -> Result<(), byteorder::Error> {
[INFO] [stdout]    |                                                              ^^^^^ not found in `byteorder`
[INFO] [stdout]    |
[INFO] [stdout] help: consider importing this trait
[INFO] [stdout]    |
[INFO] [stdout] 3  | use std::error::Error;
[INFO] [stdout]    |
[INFO] [stdout] 
[INFO] [stdout] 
[INFO] [stdout] error[E0412]: cannot find type `Error` in crate `byteorder`
[INFO] [stdout]   --> src/image/error.rs:51:22
[INFO] [stdout]    |
[INFO] [stdout] 51 | impl From<byteorder::Error> for ImageError {
[INFO] [stdout]    |                      ^^^^^ not found in `byteorder`
[INFO] [stdout]    |
[INFO] [stdout] help: consider importing one of these items
[INFO] [stdout]    |
[INFO] [stdout] 1  | use image::error::fmt::Error;
[INFO] [stdout]    |
[INFO] [stdout] 1  | use image::error::io::Error;
[INFO] [stdout]    |
[INFO] [stdout] 1  | use std::error::Error;
[INFO] [stdout]    |
[INFO] [stdout] 
[INFO] [stdout] 
[INFO] [stdout] error[E0412]: cannot find type `Error` in crate `byteorder`
[INFO] [stdout]   --> src/image/error.rs:52:29
[INFO] [stdout]    |
[INFO] [stdout] 52 |     fn from(err: byteorder::Error) -> ImageError {
[INFO] [stdout]    |                             ^^^^^ not found in `byteorder`
[INFO] [stdout]    |
[INFO] [stdout] help: consider importing one of these items
[INFO] [stdout]    |
[INFO] [stdout] 1  | use image::error::fmt::Error;
[INFO] [stdout]    |
[INFO] [stdout] 1  | use image::error::io::Error;
[INFO] [stdout]    |
[INFO] [stdout] 1  | use std::error::Error;
[INFO] [stdout]    |
[INFO] [stdout] 
[INFO] [stdout] 
[INFO] [stdout] warning: use of deprecated macro `try`: use the `?` operator instead
[INFO] [stdout]   --> src/decoder.rs:72:20
[INFO] [stdout]    |
[INFO] [stdout] 72 |         let fmt1 = try!(self.reader.read_u32() );
[INFO] [stdout]    |                    ^^^
[INFO] [stdout]    |
[INFO] [stdout]    = note: `#[warn(deprecated)]` on by default
[INFO] [stdout] 
[INFO] [stdout] 
[INFO] [stdout] warning: use of deprecated macro `try`: use the `?` operator instead
[INFO] [stdout]   --> src/decoder.rs:73:20
[INFO] [stdout]    |
[INFO] [stdout] 73 |         let fmt2 = try!(self.reader.read_u32() );
[INFO] [stdout]    |                    ^^^
[INFO] [stdout] 
[INFO] [stdout] 
[INFO] [stdout] warning: use of deprecated macro `try`: use the `?` operator instead
[INFO] [stdout]   --> src/decoder.rs:79:23
[INFO] [stdout]    |
[INFO] [stdout] 79 |         self.width  = try!(self.reader.read_u32() );
[INFO] [stdout]    |                       ^^^
[INFO] [stdout] 
[INFO] [stdout] 
[INFO] [stdout] warning: use of deprecated macro `try`: use the `?` operator instead
[INFO] [stdout]   --> src/decoder.rs:80:23
[INFO] [stdout]    |
[INFO] [stdout] 80 |         self.height = try!(self.reader.read_u32() );
[INFO] [stdout]    |                       ^^^
[INFO] [stdout] 
[INFO] [stdout] 
[INFO] [stdout] warning: use of deprecated macro `try`: use the `?` operator instead
[INFO] [stdout]   --> src/decoder.rs:93:9
[INFO] [stdout]    |
[INFO] [stdout] 93 |         try!(self.read_header());
[INFO] [stdout]    |         ^^^
[INFO] [stdout] 
[INFO] [stdout] 
[INFO] [stdout] warning: use of deprecated macro `try`: use the `?` operator instead
[INFO] [stdout]    --> src/decoder.rs:100:38
[INFO] [stdout]     |
[INFO] [stdout] 100 |         let pixel_type : PixelType = try!(self.pixel_type() );
[INFO] [stdout]     |                                      ^^^
[INFO] [stdout] 
[INFO] [stdout] 
[INFO] [stdout] warning: use of deprecated macro `try`: use the `?` operator instead
[INFO] [stdout]    --> src/decoder.rs:111:30
[INFO] [stdout]     |
[INFO] [stdout] 111 |                     *datum = try!(reader.read_u16());
[INFO] [stdout]     |                              ^^^
[INFO] [stdout] 
[INFO] [stdout] 
[INFO] [stdout] warning: use of deprecated macro `try`: use the `?` operator instead
[INFO] [stdout]    --> src/decoder.rs:116:30
[INFO] [stdout]     |
[INFO] [stdout] 116 |                     *datum = try!(reader.read_f32());
[INFO] [stdout]     |                              ^^^
[INFO] [stdout] 
[INFO] [stdout] 
[INFO] [stdout] warning: use of deprecated macro `try`: use the `?` operator instead
[INFO] [stdout]    --> src/decoder.rs:162:17
[INFO] [stdout]     |
[INFO] [stdout] 162 |                 try!(
[INFO] [stdout]     |                 ^^^
[INFO] [stdout] 
[INFO] [stdout] 
[INFO] [stdout] warning: use of deprecated macro `try`: use the `?` operator instead
[INFO] [stdout]    --> src/decoder.rs:169:17
[INFO] [stdout]     |
[INFO] [stdout] 169 |                 try!(
[INFO] [stdout]     |                 ^^^
[INFO] [stdout] 
[INFO] [stdout] 
[INFO] [stdout] warning: use of deprecated macro `try`: use the `?` operator instead
[INFO] [stdout]    --> src/buffer.rs:349:21
[INFO] [stdout]     |
[INFO] [stdout] 349 |                     try!(wtr.write_u16( p.value() ));
[INFO] [stdout]     |                     ^^^
[INFO] [stdout] 
[INFO] [stdout] 
[INFO] [stdout] warning: use of deprecated macro `try`: use the `?` operator instead
[INFO] [stdout]    --> src/buffer.rs:354:21
[INFO] [stdout]     |
[INFO] [stdout] 354 |                     try!(wtr.write_f32( ( p.value() as f32 ) ));
[INFO] [stdout]     |                     ^^^
[INFO] [stdout] 
[INFO] [stdout] 
[INFO] [stdout] warning: unused import: `BufReader`
[INFO] [stdout]  --> src/buffer.rs:9:15
[INFO] [stdout]   |
[INFO] [stdout] 9 | use std::io::{BufReader, BufWriter};
[INFO] [stdout]   |               ^^^^^^^^^
[INFO] [stdout]   |
[INFO] [stdout]   = note: `#[warn(unused_imports)]` on by default
[INFO] [stdout] 
[INFO] [stdout] 
[INFO] [stdout] warning: unnecessary parentheses around method argument
[INFO] [stdout]    --> src/buffer.rs:354:41
[INFO] [stdout]     |
[INFO] [stdout] 354 |                     try!(wtr.write_f32( ( p.value() as f32 ) ));
[INFO] [stdout]     |                                         ^^^^^^^^^^^^^^^^^^^^ help: remove these parentheses
[INFO] [stdout]     |
[INFO] [stdout]     = note: `#[warn(unused_parens)]` on by default
[INFO] [stdout] 
[INFO] [stdout] 
[INFO] [stdout] warning: trait objects without an explicit `dyn` are deprecated
[INFO] [stdout]   --> src/image/error.rs:36:33
[INFO] [stdout]    |
[INFO] [stdout] 36 |     fn cause (&self) -> Option<&Error> {
[INFO] [stdout]    |                                 ^^^^^ help: use `dyn`: `dyn Error`
[INFO] [stdout]    |
[INFO] [stdout]    = note: `#[warn(bare_trait_objects)]` on by default
[INFO] [stdout] 
[INFO] [stdout] 
[INFO] [stdout] warning: unnecessary parentheses around `for` iterator expression
[INFO] [stdout]    --> src/image/other.rs:127:18
[INFO] [stdout]     |
[INFO] [stdout] 127 |         for y in (0..self.ystride) {
[INFO] [stdout]     |                  ^^^^^^^^^^^^^^^^^ help: remove these parentheses
[INFO] [stdout] 
[INFO] [stdout] 
[INFO] [stdout] warning: unnecessary parentheses around `for` iterator expression
[INFO] [stdout]    --> src/image/other.rs:128:22
[INFO] [stdout]     |
[INFO] [stdout] 128 |             for x in (0..self.xstride) {
[INFO] [stdout]     |                      ^^^^^^^^^^^^^^^^^ help: remove these parentheses
[INFO] [stdout] 
[INFO] [stdout] 
[INFO] [stdout] warning: unused import: `std::iter::repeat`
[INFO] [stdout]  --> src/traits.rs:1:5
[INFO] [stdout]   |
[INFO] [stdout] 1 | use std::iter::repeat;
[INFO] [stdout]   |     ^^^^^^^^^^^^^^^^^
[INFO] [stdout] 
[INFO] [stdout] 
[INFO] [stdout] warning: unnecessary parentheses around `for` iterator expression
[INFO] [stdout]   --> src/main.rs:59:16
[INFO] [stdout]    |
[INFO] [stdout] 59 |     for row in (0..number_of_rows ) {
[INFO] [stdout]    |                ^^^^^^^^^^^^^^^^^^^^ help: remove these parentheses
[INFO] [stdout] 
[INFO] [stdout] 
[INFO] [stdout] warning: unnecessary parentheses around `for` iterator expression
[INFO] [stdout]   --> src/main.rs:60:20
[INFO] [stdout]    |
[INFO] [stdout] 60 |         for col in ( 0..number_of_columns ) {
[INFO] [stdout]    |                    ^^^^^^^^^^^^^^^^^^^^^^^^ help: remove these parentheses
[INFO] [stdout] 
[INFO] [stdout] 
[INFO] [stdout] error[E0606]: casting `&<P as Pixel>::Subpixel` as `f32` is invalid
[INFO] [stdout]    --> src/buffer.rs:354:41
[INFO] [stdout]     |
[INFO] [stdout] 354 |                     try!(wtr.write_f32( ( p.value() as f32 ) ));
[INFO] [stdout]     |                                         ^^^^^^^^^^^^^^^^^^^^
[INFO] [stdout] 
[INFO] [stdout] 
[INFO] [stdout] error[E0606]: casting `&<P as Pixel>::Subpixel` as `f32` is invalid
[INFO] [stdout]    --> src/buffer.rs:354:41
[INFO] [stdout]     |
[INFO] [stdout] 354 |                     try!(wtr.write_f32( ( p.value() as f32 ) ));
[INFO] [stdout]     |                                         ^^^^^^^^^^^^^^^^^^^^
[INFO] [stdout] 
[INFO] [stdout] 
[INFO] [stdout] error: aborting due to 11 previous errors; 20 warnings emitted
[INFO] [stdout] 
[INFO] [stdout] 
[INFO] [stdout] Some errors have detailed explanations: E0412, E0433, E0606.
[INFO] [stdout] 
[INFO] [stdout] For more information about an error, try `rustc --explain E0412`.
[INFO] [stdout] 
[INFO] [stderr] error: could not compile `hello_world`.
[INFO] [stderr] 
[INFO] [stderr] To learn more, run the command again with --verbose.
[INFO] [stderr] warning: build failed, waiting for other jobs to finish...
[INFO] [stdout] error: aborting due to 15 previous errors; 21 warnings emitted
[INFO] [stdout] 
[INFO] [stdout] 
[INFO] [stdout] Some errors have detailed explanations: E0412, E0432, E0433, E0606.
[INFO] [stdout] 
[INFO] [stdout] For more information about an error, try `rustc --explain E0412`.
[INFO] [stdout] 
[INFO] [stderr] error: build failed
[INFO] running `Command { std: "docker" "inspect" "a4d57a34fb812843ec9d7fdc93d749683a5dbb93a08912c5a65c38a4ab4d5181", kill_on_drop: false }`
[INFO] running `Command { std: "docker" "rm" "-f" "a4d57a34fb812843ec9d7fdc93d749683a5dbb93a08912c5a65c38a4ab4d5181", kill_on_drop: false }`
[INFO] [stdout] a4d57a34fb812843ec9d7fdc93d749683a5dbb93a08912c5a65c38a4ab4d5181
